{"id":89,"date":"2012-02-08T15:27:04","date_gmt":"2012-02-08T15:27:04","guid":{"rendered":"http:\/\/www.acorpsparfait.lu\/?page_id=89"},"modified":"2017-10-02T15:46:23","modified_gmt":"2017-10-02T14:46:23","slug":"cils-et-sourcils","status":"publish","type":"page","link":"https:\/\/acorpsparfait.lu\/prestations\/cils-et-sourcils\/","title":{"rendered":"Cils et Sourcils"},"content":{"rendered":"<h5>Teinture cils<\/h5>\n<h5>Teinture sourcils<\/h5>\n<h5>Rehaussement de cils<\/h5>\n<p style=\"text-align: justify;\">Le r\u00e9haussement des cils est une nouvelle technique qui se diff\u00e9rencie de la permanente des cils, par l\u2019application d\u2019une forme silicone sur la paupi\u00e8re \u00e0 la place des traditionnels rouleaux: vos cils sont soulev\u00e9s depuis la racine vers le haut pour un r\u00e9sultat \u201coeil de biche\u201d, visible durant 6 \u00e0 12 semaines selon la texture de vos cils.<br \/>\nId\u00e9al pour les personnes qui ne peuvent ou ne veulent pas mettre de mascara.<\/p>\n<div align=\"center\"><img loading=\"lazy\" decoding=\"async\" class=\"wp-image-252 aligncenter\" title=\"rehauss-cils\" alt=\"\" src=\"\/wp-content\/uploads\/2012\/02\/rehauss-cils.jpg\" width=\"365\" height=\"248\" srcset=\"https:\/\/acorpsparfait.lu\/wp-content\/uploads\/2012\/02\/rehauss-cils.jpg 456w, https:\/\/acorpsparfait.lu\/wp-content\/uploads\/2012\/02\/rehauss-cils-300x203.jpg 300w, https:\/\/acorpsparfait.lu\/wp-content\/uploads\/2012\/02\/rehauss-cils-441x300.jpg 441w\" sizes=\"auto, (max-width: 365px) 100vw, 365px\" \/><\/div>\n<h5>Extensions de cils<\/h5>\n<p style=\"text-align: justify;\">Origine des extensions de cils<br \/>\nLes extensions de cils aurait \u00e9t\u00e9 invent\u00e9s par un cor\u00e9en il y a environs 15 ans, cette technique a \u00e9t\u00e9 ensuite d\u00e9velopp\u00e9e aux Etats Unis puis en Europe.<br \/>\nLes cils naturels<br \/>\nUn oeil est compos\u00e9 environ de 140 \u00e0 180 cils y compris ceux du bas.<br \/>\nLa paupi\u00e8re sup\u00e9rieur peut contenir 1,2, 3 rang\u00e9e et parfois plus (cela d\u00e9pendra de la densit\u00e9 pileuse de chacun \u00e0 savoir de l\u2019\u00e2ge, des origines, de certains m\u00e9dicaments).<br \/>\nLes cils se renouvellent en moyenne toutes les 3 \u00e0 6 semaines.<br \/>\nPour que tous les cils d&rsquo;une paupi\u00e8re soient renouvel\u00e9s il se passe en moyenne 6 mois.<\/p>\n<p>Le cycle du cil est divis\u00e9 en 3 phases: <\/p>\n<img loading=\"lazy\" decoding=\"async\" src=\"\/wp-content\/uploads\/2012\/02\/gr-a571c-300x114.png\" alt=\"gr-a571c\" width=\"300\" height=\"114\" class=\"aligncenter size-medium wp-image-5905\" srcset=\"https:\/\/acorpsparfait.lu\/wp-content\/uploads\/2012\/02\/gr-a571c-300x114.png 300w, https:\/\/acorpsparfait.lu\/wp-content\/uploads\/2012\/02\/gr-a571c-500x190.png 500w, https:\/\/acorpsparfait.lu\/wp-content\/uploads\/2012\/02\/gr-a571c.png 570w\" sizes=\"auto, (max-width: 300px) 100vw, 300px\" \/>\n<p>Aucun mascara, de n\u2019importe quelle grande marque que ce soit, ne pourra autant sublimer et intensifier votre regard que les extensions de cils. Remplacez votre mascara par les extensions. Vous ne serez pas d\u00e9\u00e7ue du r\u00e9sultat !<br \/>\n<img loading=\"lazy\" decoding=\"async\" src=\"\/wp-content\/uploads\/2012\/02\/acp-extensioncils.jpg\" alt=\"\" width=\"616\" height=\"194\" class=\"aligncenter size-full wp-image-5988\" srcset=\"https:\/\/acorpsparfait.lu\/wp-content\/uploads\/2012\/02\/acp-extensioncils.jpg 616w, https:\/\/acorpsparfait.lu\/wp-content\/uploads\/2012\/02\/acp-extensioncils-300x94.jpg 300w, https:\/\/acorpsparfait.lu\/wp-content\/uploads\/2012\/02\/acp-extensioncils-500x157.jpg 500w\" sizes=\"auto, (max-width: 616px) 100vw, 616px\" \/><\/p>\n","protected":false},"excerpt":{"rendered":"<p>Teinture cils Teinture sourcils Rehaussement de cils Le r\u00e9haussement des cils est une nouvelle technique qui se diff\u00e9rencie de la permanente des cils, par l\u2019application d\u2019une forme silicone sur la paupi\u00e8re \u00e0 la place des traditionnels rouleaux: vos cils sont soulev\u00e9s depuis la racine vers le haut pour un r\u00e9sultat \u201coeil de biche\u201d, visible durant [&hellip;]<\/p>\n","protected":false},"author":2,"featured_media":0,"parent":75,"menu_order":0,"comment_status":"closed","ping_status":"open","template":"","meta":{"footnotes":""},"class_list":["post-89","page","type-page","status-publish","hentry"],"_links":{"self":[{"href":"https:\/\/acorpsparfait.lu\/wp-json\/wp\/v2\/pages\/89","targetHints":{"allow":["GET"]}}],"collection":[{"href":"https:\/\/acorpsparfait.lu\/wp-json\/wp\/v2\/pages"}],"about":[{"href":"https:\/\/acorpsparfait.lu\/wp-json\/wp\/v2\/types\/page"}],"author":[{"embeddable":true,"href":"https:\/\/acorpsparfait.lu\/wp-json\/wp\/v2\/users\/2"}],"replies":[{"embeddable":true,"href":"https:\/\/acorpsparfait.lu\/wp-json\/wp\/v2\/comments?post=89"}],"version-history":[{"count":21,"href":"https:\/\/acorpsparfait.lu\/wp-json\/wp\/v2\/pages\/89\/revisions"}],"predecessor-version":[{"id":5989,"href":"https:\/\/acorpsparfait.lu\/wp-json\/wp\/v2\/pages\/89\/revisions\/5989"}],"up":[{"embeddable":true,"href":"https:\/\/acorpsparfait.lu\/wp-json\/wp\/v2\/pages\/75"}],"wp:attachment":[{"href":"https:\/\/acorpsparfait.lu\/wp-json\/wp\/v2\/media?parent=89"}],"curies":[{"name":"wp","href":"https:\/\/api.w.org\/{rel}","templated":true}]}}