{"id":5939,"date":"2017-04-14T09:52:55","date_gmt":"2017-04-14T08:52:55","guid":{"rendered":"http:\/\/www.acorpsparfait.lu\/?page_id=5939"},"modified":"2017-04-14T14:17:50","modified_gmt":"2017-04-14T13:17:50","slug":"green-peel-dr-schrammek","status":"publish","type":"page","link":"https:\/\/acorpsparfait.lu\/green-peel-dr-schrammek\/","title":{"rendered":"GREEN PEEL\u00ae Dr SCHRAMMEK"},"content":{"rendered":"<p style=\"text-align: center;\"><strong><em>Le seul peeling v\u00e9g\u00e9tal qui respecte votre peau.<\/span><\/em><\/strong><\/p>\n<img loading=\"lazy\" decoding=\"async\" src=\"\/wp-content\/uploads\/2014\/05\/0f3bc3_2fb774dcb7c94a5a965228fe86b612ae.jpg\" alt=\"\" width=\"499\" height=\"308\" class=\"aligncenter size-full wp-image-5932\" srcset=\"https:\/\/acorpsparfait.lu\/wp-content\/uploads\/2014\/05\/0f3bc3_2fb774dcb7c94a5a965228fe86b612ae.jpg 499w, https:\/\/acorpsparfait.lu\/wp-content\/uploads\/2014\/05\/0f3bc3_2fb774dcb7c94a5a965228fe86b612ae-300x185.jpg 300w, https:\/\/acorpsparfait.lu\/wp-content\/uploads\/2014\/05\/0f3bc3_2fb774dcb7c94a5a965228fe86b612ae-486x300.jpg 486w\" sizes=\"auto, (max-width: 499px) 100vw, 499px\" \/>\n<h4>Les Green Peel du Dr Schrammek, 3 solutions pour une peau belle, jeune et saine avec l&rsquo;aide de la nature.<\/h4>\n<p>Notre peau est complexe. Heureusement, le potentiel de GREEN PEEL\u00ae l&rsquo;est aussi. Dr. Med. Christine Schrammek am\u00e9liore constamment les traitements.<br \/>\nLe r\u00e9sultat: une m\u00e9thode de traitement adapt\u00e9e aux besoins individuels de la peau.<br \/>\nEn dosant diff\u00e9remment les m\u00e9langes de plantes en fonction de la condition et du type de peau, il est possible d&rsquo;\u00e9laborer un programme de soins personnalis\u00e9s<\/p>\n<div class=\"dt-sc-clear\"><\/div><div class='dt-sc-hr-invisible  '><\/div>\n<div class='dt-sc-team '>\t<div class='image'><img src='\/wp-content\/uploads\/2017\/04\/greenpeel-freshup-300x300.jpg' alt='Please specify image url' title='Please specify image url' \/><\/div>\t<div class=\"team-details\"><h4>Green Peel Fresh Up - Illuminate your skin<\/h4><span class=\"ico-border\"> <i class=\"ico-bg flower\"><\/i><\/span>M\u00e9thode douce pour plus de fra\u00eecheur et pour le ralentissement du vieillissement.Revitalise les cellules &#8211; la peau retrouve une nouvelle fra\u00eecheur.Est un classique \u00e0 utiliser si vous voulez que votre teint soit \u00e9clatant de vitalit\u00e9 pour une occasion particuli\u00e8re, une f\u00eate par exemple ou encore un rendez-vous d&rsquo;affaires important. Est \u00e9galement la solution id\u00e9ale pour pr\u00e9venir le vieillissement et la perte d&rsquo;\u00e9lasticit\u00e9 de la peau, m\u00eame sans signes visibles de vieillissement. Dur\u00e9e du traitement environ 1 h30.\t<\/div><\/div>\n<div class='dt-sc-team '>\t<div class='image'><img src='\/wp-content\/uploads\/2017\/04\/greenpeel-energy-300x300.jpg' alt='Please specify image url' title='Please specify image url' \/><\/div>\t<div class=\"team-details\"><h4>Green Peel Energy - Stimulate your skin<\/h4><span class=\"ico-border\"> <i class=\"ico-bg flower\"><\/i><\/span>Cure de vitalit\u00e9 et de r\u00e9g\u00e9n\u00e9ration cutan\u00e9e.Traite les probl\u00e8mes support de r\u00e9g\u00e9n\u00e9ration cibl\u00e9e. Apporte \u00e0 la peau l&rsquo;\u00e9nergie naturelle dont elle a besoin pour renouveler ses cellules. Il convient \u00e9galement parfaitement aux peaux pr\u00e9sentant des impuret\u00e9s, des cicatrices ou des d\u00e9fauts de pigmentation. Le grain de peau s&rsquo;am\u00e9liore et para\u00eet plus harmonieux en surface. Id\u00e9al comme traitement intensif plusieurs fois par an. Dur\u00e9e du traitement environ 1 h30.\t<\/div><\/div>\n<div class='dt-sc-team '>\t<div class='image'><img src='\/wp-content\/uploads\/2017\/04\/greenpeel-classic-300x300.jpg' alt='Please specify image url' title='Please specify image url' \/><\/div>\t<div class=\"team-details\"><h4>Green Peel Classic - Renew your skin<\/h4><span class=\"ico-border\"> <i class=\"ico-bg flower\"><\/i><\/span>Une nouvelle peau en 5 jours. GREEN PEEL\u00ae CLASSIC est la solution id\u00e9ale \u00e0 de nombreux probl\u00e8mes de peau sur le visage et le corps: peaux \u00e0 pores dilat\u00e9s, peaux impures, peaux ayant besoin d&rsquo;\u00eatre r\u00e9g\u00e9n\u00e9r\u00e9es, peaux bl\u00eames et mal irrigu\u00e9es, mais aussi peaux ab\u00eem\u00e9es par le soleil ou ayant perdu leur \u00e9lasticit\u00e9. La plupart des d\u00e9s\u00e9quilibres de la peau peuvent \u00eatre trait\u00e9s en une ou deux s\u00e9ances. Mais consid\u00e9rant que chaque probl\u00e8me de peau est diff\u00e9rent et que chaque type de peau r\u00e9agit diff\u00e9remment, le soin peut \u00eatre r\u00e9p\u00e9t\u00e9 jusqu&rsquo;\u00e0 l&rsquo;obtention du r\u00e9sultat souhait\u00e9.\t<\/div><\/div>\n<img loading=\"lazy\" decoding=\"async\" src=\"\/wp-content\/uploads\/2014\/05\/green-peel-dr-docteur-schrammek-allemagne-naturel-100-vegetal-peeling-chirurgie-esthetique-sans-les-inconvenients-soin-visage-nouvelle-peau.jpg\" alt=\"\" width=\"552\" height=\"225\" class=\"aligncenter size-full wp-image-5936\" srcset=\"https:\/\/acorpsparfait.lu\/wp-content\/uploads\/2014\/05\/green-peel-dr-docteur-schrammek-allemagne-naturel-100-vegetal-peeling-chirurgie-esthetique-sans-les-inconvenients-soin-visage-nouvelle-peau.jpg 552w, https:\/\/acorpsparfait.lu\/wp-content\/uploads\/2014\/05\/green-peel-dr-docteur-schrammek-allemagne-naturel-100-vegetal-peeling-chirurgie-esthetique-sans-les-inconvenients-soin-visage-nouvelle-peau-300x122.jpg 300w, https:\/\/acorpsparfait.lu\/wp-content\/uploads\/2014\/05\/green-peel-dr-docteur-schrammek-allemagne-naturel-100-vegetal-peeling-chirurgie-esthetique-sans-les-inconvenients-soin-visage-nouvelle-peau-500x204.jpg 500w\" sizes=\"auto, (max-width: 552px) 100vw, 552px\" \/><\/p>\n","protected":false},"excerpt":{"rendered":"<p>Le seul peeling v\u00e9g\u00e9tal qui respecte votre peau. Les Green Peel du Dr Schrammek, 3 solutions pour une peau belle, jeune et saine avec l&rsquo;aide de la nature. Notre peau est complexe. Heureusement, le potentiel de GREEN PEEL\u00ae l&rsquo;est aussi. Dr. Med. Christine Schrammek am\u00e9liore constamment les traitements. Le r\u00e9sultat: une m\u00e9thode de traitement adapt\u00e9e [&hellip;]<\/p>\n","protected":false},"author":2,"featured_media":0,"parent":0,"menu_order":0,"comment_status":"closed","ping_status":"closed","template":"","meta":{"footnotes":""},"class_list":["post-5939","page","type-page","status-publish","hentry"],"_links":{"self":[{"href":"https:\/\/acorpsparfait.lu\/wp-json\/wp\/v2\/pages\/5939","targetHints":{"allow":["GET"]}}],"collection":[{"href":"https:\/\/acorpsparfait.lu\/wp-json\/wp\/v2\/pages"}],"about":[{"href":"https:\/\/acorpsparfait.lu\/wp-json\/wp\/v2\/types\/page"}],"author":[{"embeddable":true,"href":"https:\/\/acorpsparfait.lu\/wp-json\/wp\/v2\/users\/2"}],"replies":[{"embeddable":true,"href":"https:\/\/acorpsparfait.lu\/wp-json\/wp\/v2\/comments?post=5939"}],"version-history":[{"count":16,"href":"https:\/\/acorpsparfait.lu\/wp-json\/wp\/v2\/pages\/5939\/revisions"}],"predecessor-version":[{"id":5964,"href":"https:\/\/acorpsparfait.lu\/wp-json\/wp\/v2\/pages\/5939\/revisions\/5964"}],"wp:attachment":[{"href":"https:\/\/acorpsparfait.lu\/wp-json\/wp\/v2\/media?parent=5939"}],"curies":[{"name":"wp","href":"https:\/\/api.w.org\/{rel}","templated":true}]}}